ctor of 288 and k?
9
Let t be (-4)/3*3/2. Let h(u) = -2*u**3 - 3*u**2 + 1. Let q be h(t). What is the highest common factor of q and 40?
5
Suppose 4*y - 344 = -3*o, -258 = -4*y + y + 4*o. Suppose 3*d + 49 = 4*b, -5*b - 5*d - 16 = -y. Calculate the highest common divisor of b and 13.
13
Suppose -154 = -0*i - 7*i. Let a = -18 - -29. Calculate the greatest common divisor of a and i.
11
Suppose 2*l - 743 - 1296 = -3*t, 3*l = 5*t + 3011. What is the highest common factor of l and 92?
92
Suppose -4*f - 4 = 0, -l + f + 2 - 1 = 0. Let c be 1 + l + (-96)/(-4). Suppose -5*i + c = -0*i. What is the highest common divisor of i and 5?
5
Let o(n) be the first derivative of -67*n**4/4 - n**3/3 - n**2/2 - 2*n - 25. Let q be o(-1). Calculate the greatest common factor of 13 and q.
13
Let g(p) = -p - 1 - 43*p**2 + 20*p**2 + 24*p**2. Let c be g(-5). Calculate the highest common factor of 29 and c.
29
Let a = -50 + 26. Suppose 0 = 7*b - 2*b - 400. Let u be (b/12)/(-5)*a. Calculate the greatest common factor of u and 4.
4
Suppose -189 = -5*h - 49. Calculate the highest common divisor of 28 and h.
28
Let x(o) = -o**3 + 15*o**2 - 17*o + 51. Let m be x(14). What is the highest common factor of m and 2?
1
Suppose -44*h = -41*h - 351. Suppose 4*j = 15 + h. Calculate the highest common divisor of 99 and j.
33
Suppose -2*c + 39 = c. Suppose -42*p + 2269 + 1007 = 0. Calculate the highest common factor of p and c.
13
Let i be (48/(-112) - 3816/14)/(-1). Calculate the highest common divisor of i and 507.
39
Suppose k - 114 = -0*k. Suppose 30 = 2*l - k. What is the greatest common factor of 24 and l?
24
Let j = 119 + -115. Suppose j*c = 2*c, 4*c + 624 = 3*u. Calculate the highest common factor of 16 and u.
16
Suppose 15*t - 495 = 6*t. Let y be -2 + 74*2/4. Let h = y + t. What is the greatest common divisor of h and 18?
18
Suppose 5*g + 8 - 13 = 0. Let v(r) = 11*r**3 - r**2 - 2*r + 2. Let a be v(g). Calculate the greatest common factor of a and 30.
10
Suppose 4*c + 17 - 189 = 3*s, -2*c + 76 = -4*s. What is the greatest common factor of c and 414?
46
Suppose -30 = -4*q - 2*q. Let p be (-446)/10 - (-4)/(-10). Let k = p + 70. What is the greatest common factor of k and q?
5
Suppose -7*o + 104 = 76. What is the greatest common factor of 108 and o?
4
Let t = 465 + -318. Calculate the greatest common divisor of 63 and t.
21
Let v = -5 + 4. Let n be (8/(-10))/((-2)/(-5)) - 32. Let s be v + n*3/(-6). Calculate the greatest common factor of s and 144.
16
Let h(k) = k**3 - 10*k**2 - 11*k + 9. Let s be h(11). Let m = 0 - -2. Let a be (3/m)/(5/180). Calculate the highest common divisor of s and a.
9
Suppose 2*s - 17 = 7. Let q be (s/9)/((-4)/(-30)). Let i(y) = -6*y**3 + 2. Let x be i(-2). Calculate the highest common factor of x and q.
10
Let u(z) be the second derivative of 41*z**3/6 - z**2 - z. Let w be u(1). Calculate the greatest common divisor of w and 26.
13
Suppose 6*q = 9*q + 2*l - 15, l - 12 = -3*q. Suppose -4*h - 4*r = -46 - 46, 2*r = -5*h + 109. Calculate the highest common divisor of h and q.
3
Let k(z) = -z**3 - 3*z**2 - 12*z - 2. Let y(p) = -p**3 - p**2 + p - 1. Let o(i) = k(i) - 2*y(i). Let b be o(5). What is the greatest common divisor of 50 and b?
10
Let n(f) = -f**3 - 3*f**2 - 4*f - 4. Let w be n(-4). Calculate the highest common factor of w and 672.
28
Suppose 1 = 3*c - x, 3*c - c - 5*x = -21. Suppose 0 = 5*l + 3*w - 108, 5*w + 60 = 3*l + c*w. Calculate the highest common factor of 7 and l.
7
Let t(s) = -23*s - 21. Let g be t(-3). What is the highest common divisor of g and 112?
16
Let t(y) = y**2 + 3*y - 2. Let a be t(1). Suppose 23 + a = 5*r. Let u = 12 + r. Calculate the highest common divisor of u and 51.
17
Let l = 127 - 122. Suppose 0 = 5*w - 25. What is the greatest common factor of w and l?
5
Suppose 0 = 4*m + 3*m - 91. Suppose -m*w + 308 = -6*w. Calculate the greatest common factor of w and 11.
11
Let c(x) = -x + 3. Let i be c(-17). Calculate the highest common factor of 85 and i.
5
Suppose -2*w + 5*n + 59 = 0, 2*n + 15 = -n. Let z = 33 - w. Calculate the highest common factor of 6 and z.
2
Let a be 60/(-9) - (-2)/3. Let x be a/4 + (-15)/(-2) + 2. What is the greatest common divisor of 88 and x?
8
Let x(k) = k**3 + 4*k**2 - 2*k. Let a be x(4). What is the highest common factor of a and 50?
10
Let n(o) = 60*o - 25. Let a be n(7). Let d be a/(-10)*-8 + 3. What is the highest common divisor of d and 29?
29
Suppose -86 = l - 94. What is the greatest common divisor of l and 1912?
8
Let p be 3 + -8 + 1 - -16. Suppose -4*j + 2 = i - p, 2*j + 14 = i. Calculate the highest common factor of 14 and i.
14
Let c(o) = 82*o**2 - 29*o. Let j be c(2). Calculate the greatest common factor of 4 and j.
2
Suppose j + 5*a = 74, 5*j + 4*a - 3 - 409 = 0. Calculate the greatest common factor of j and 72.
12
Let c(d) = 5*d - 5. Let m be c(-9). Let x = m - 17. Let y = -19 - x. Calculate the highest common factor of y and 32.
16
Suppose -7*u - 159 = -4*s - 2*u, 3*u = -2*s + 63. What is the greatest common factor of 60 and s?
12
Let l(j) = j**2 + 4*j. Let z be l(-4). Suppose -3*s + 15 = -v, v + z*v = 2*s - 9. Suppose s = 4*c - 10. Calculate the highest common divisor of 6 and c.
2
Let u = -18 + 73. Let b = u + -121. Let r = b + 141. Calculate the highest common factor of 15 and r.
15
Let k(y) = -1. Let v(c) = 2*c + 1. Let t(i) = 5*k(i) + v(i). Let h be t(4). What is the greatest common divisor of 28 and h?
4
Let f be (-112)/12*12/(-16). Suppose -f*z + 1400 = z. Calculate the highest common factor of 25 and z.
25
Let r(k) = -48*k + 8. Let m be r(2). Let y = m - -95. What is the highest common factor of 35 and y?
7
Let n be (-9)/(27/(-363)) - 3. Calculate the highest common divisor of n and 295.
59
Suppose 42*j + 812 = 31724. Calculate the highest common divisor of 46 and j.
46
Let s be (11 - (-6 + 3)) + -3. Calculate the highest common divisor of s and 913.
11
Suppose -2*g = -2*u - 86, g - 4*g = -4*u - 134. What is the greatest common factor of g and 114?
38
Let w = 59 + -57. Suppose w*h - 229 = 145. What is the highest common factor of 11 and h?
11
Let o be (1 - -55)/((-37)/(-296)). What is the greatest common factor of 64 and o?
64
Let h be ((-16)/(-12))/((-8)/(-756)). Suppose 70 = -22*j + 27*j. What is the greatest common divisor of h and j?
14
Let w be 87*1*76/57 + 0. What is the greatest common divisor of w and 261?
29
Suppose -5*q - 29*a = -34*a - 60, 3*q - 5*a = 42. What is the highest common divisor of 6 and q?
3
Let q(r) = -r**2 + 13*r - 10. Let l be q(11). Suppose 3*v = -4*b + 18, -12 = 5*b + 3. Let p be l/(-20) + 186/v. Calculate the highest common divisor of p and 6.
6
Let b = 30 - 7. Suppose -28 = -5*w - k, w - 5*k - b = -7. Calculate the greatest common factor of w and 9.
3
Let x(p) = -p**3 + 14*p**2 + 5*p - 61. Let w be x(14). Calculate the greatest common divisor of w and 36.
9
Let o(l) = -3*l + 368. Let h be o(26). What is the highest common factor of h and 87?
29
Let h(l) = -l**3 + 9*l**2 - 3*l + 9. Let u be h(6). Let r be (-2 - (-21)/9)/((-3)/(-99)). What is the greatest common factor of u and r?
11
Let t(f) = -f**3 - 2*f**2 + 3*f + 1. Let h be t(0). Calculate the highest common divisor of 23 and h.
1
Suppose -13*f + 12*f = 0. Suppose -5*h + 5 = -5*l + 20, -5*l - h + 21 = f. What is the highest common factor of 52 and l?
4
Suppose 0 = 3*q + 2*t - 12, 5*t - 4 = -0*q - q. Suppose -5*m + 2*r - 4*r + 108 = 0, -84 = -4*m - r. What is the greatest common factor of q and m?
4
Suppose -5 = -2*o - 21. Let s be o - -11 - (1 + -42). What is the greatest common divisor of 22 and s?
22
Let f = 121 - 73. Let m = f - 22. What is the greatest common divisor of m and 65?
13
Suppose -4*z = -4, 3*z + 2*z = -3*s + 62. What is the highest common divisor of 3 and s?
1
Let o(p) = p**3 + 9*p**2 + 2*p - 25. Let g be o(-6). Calculate the greatest common divisor of g and 923.
71
Let z = 13 - 9. Suppose 118 = 22*w + 37*w. What is the highest common divisor of z and w?
2
Let w = 232 - 177. What is the greatest common divisor of w and 33?
11
Suppose -3*k + 12*a + 1134 = 9*a, 3*k - 1126 = -a. Calculate the greatest common divisor of k and 8.
8
Let u be (-14)/8 - (-699)/4. Calculate the highest common factor of u and 1.
1
Suppose 4*l - 448 = -3*l. What is the greatest common factor of l and 160?
3